inder when h(-7) is divided by g?
6
Suppose -65*r - 33 = -66*r. What is the remainder when r is divided by 13?
7
Calculate the remainder when 4*((-100)/(-16) + -2) is divided by 10.
7
Let l be 54/2*(-16)/24. What is the remainder when 25 is divided by 6/l*(0 - 27)?
7
Let m be (2 - 0) + 3 + 0. Suppose 3*q + 2*q - n = 180, m*n - 45 = -2*q. Calculate the remainder when q is divided by 12.
11
Let g(a) = -2*a - 3. Let l be g(-3). Suppose 0 = -i + p + 7, -l*i - 14 = -5*i - 3*p. Let o(t) = 2*t**2 + 5*t. What is the remainder when o(-4) is divided by i?
5
Let l be (-30)/(-4) + (-2)/(-4). Let y(w) = -w**2 + 11*w + 1. Let j = 6 + 7. Calculate the remainder when y(l) is divided by j.
12
What is the remainder when 46 is divided by 110/9 + 28/(-126)?
10
Suppose -126 = -8*o - 14. Calculate the remainder when 95 is divided by o.
11
Suppose 0 = 4*b - 3*w + 99, -4*w + 3 = -1. Let x = b + 41. What is the remainder when 66 is divided by x?
15
Let r(j) = 2*j - 13. Let b be r(9). Suppose 4*y + y + 24 = d, -2*d - 12 = b*y. What is the remainder when d is divided by 2?
0
Let m(x) = 194*x**2 + 3*x - 3. Let p be m(2). Suppose 5*a + 0*q = 2*q + 990, p = 4*a + q. Suppose 4*h + a = 8*h. What is the remainder when h is divided by 17?
15
Let f(y) = 40*y - 3. Calculate the remainder when 145 is divided by f(1).
34
Suppose 2*q = 4 - 0. Calculate the remainder when 14 is divided by -2*(q + 0 + -4).
2
Let p(r) = r**2 + 2*r - 9. What is the remainder when p(-9) is divided by 19?
16
Suppose 0 = 5*v - 25, 2*v - 9 = -2*w + 11. Suppose -3*f = -5*d - 5, w*f + 4*d + 12 = 45. Calculate the remainder when 9 is divided by f.
4
Let r = 0 + 3. Let k = 10 - r. Calculate the remainder when 12 is divided by k.
5
What is the remainder when 148/(-6)*-3 + 2 is divided by 42?
34
Suppose s - 80 = -s. Suppose -2*m + m = -3*c - 16, 3*c = 2*m - 23. What is the remainder when s is divided by m?
5
Let s = 0 - -91. Suppose 8 + 38 = 2*h. Calculate the remainder when s is divided by h.
22
Let j be (-962)/(-6) + (-4)/12. Suppose 7*z - 3*z - j = 0. What is the remainder when z is divided by 14?
12
Let j(z) = z**3 - z + 9. Suppose 7*v - 16 = 103. Calculate the remainder when v is divided by j(0).
8
Suppose 0 = -2*b - 5*u + 85, -2*b + 45 = -u - 2*u. Suppose 0 = -2*g - g + 9. Calculate the remainder when (-6)/b + (-123)/(-15) is divided by g.
2
Let k(m) = -63*m - 3. Let d be k(-5). Suppose 0 = -0*r - 4*r + d. What is the remainder when r is divided by 27?
24
Suppose -12 = 3*p, -p - 24 = 2*q - 86. What is the remainder when q is divided by 7?
5
Suppose 0 = 6*l + l - 322. Calculate the remainder when l is divided by 24.
22
Suppose 4*w = 3*w + 21. Let f(k) = k - 22. What is the remainder when w is divided by f(30)?
5
Let i(h) = h**3 - 10*h**2 + 3*h + 4. Let s be i(10). Let c = s + -20. What is the remainder when 26 is divided by c?
12
Suppose -4*o = -5*b + 118, 2*b + o - 64 = -b. Calculate the remainder when 65 is divided by b.
21
Suppose 4*z + z + 102 = 4*c, z = 2. Let w = c + -10. Calculate the remainder when 69 is divided by w.
15
Suppose 2*o + 0*o - 8 = 0. Suppose 4 = o*a - 12. Suppose 0*n = -a*n + 12. What is the remainder when 7 is divided by n?
1
Calculate the remainder when 2065/14 - 12/8 is divided by 30.
26
Suppose 3*p + 5*d = 154, -2*p - 33 = -2*d - 109. What is the remainder when p is divided by 11?
10
Suppose u = -2*l + 11 + 10, 0 = -2*u - l + 39. What is the remainder when 35 is divided by u?
16
Suppose -12 = -5*k + k. Suppose -7*p = -4*p - 33. What is the remainder when p is divided by k?
2
Let q = 19 - 7. Suppose -10 = -y - y. Let k = y + 17. Calculate the remainder when k is divided by q.
10
Let u be (5 + 0)*(-4)/10. Let m be ((-15)/10)/((-6)/8). What is the remainder when ((-5)/u)/(m/12) is divided by 8?
7
Let v(g) be the third derivative of -1/24*g**4 + 0*g - 2*g**2 + 5/3*g**3 + 0. Calculate the remainder when 1 is divided by v(9).
0
Let n(f) = 3 - 3*f + f + 6*f + 2*f**2. What is the remainder when n(-3) is divided by 4?
1
Suppose -6 = -3*m + 33. What is the remainder when 48 is divided by m?
9
Let m = -132 - -245. Let g(c) = 29*c**2 + 2*c - 2. Calculate the remainder when m is divided by g(1).
26
Let c = 36 - -51. Let n = c + -55. Suppose -55 = -5*k - 4*r + 3*r, -4*k + 5*r = -44. Calculate the remainder when n is divided by k.
10
Suppose -10 = 2*l - h - 1, 2*h = 3*l + 11. Let a(x) = -9*x - 17. Calculate the remainder when a(l) is divided by 7.
4
Let c(q) = -7*q**3 + q**2 - q - 1. What is the remainder when 4/5*(-8)/(64/(-300)) is divided by c(-1)?
6
Suppose 7*m - 207 = -2*m. Let n = -15 - -23. What is the remainder when m is divided by n?
7
Let f(h) = 2*h**2 - 20*h + 1. Calculate the remainder when f(11) is divided by 3.
2
Let w = 36 + -25. Suppose 4*l = 2*l + 62. What is the remainder when l is divided by w?
9
Calculate the remainder when (0 + (-1 - -5))*18 is divided by 15.
12
Suppose 0 = b - 0*b - 33. What is the remainder when b is divided by 18?
15
Suppose 2*x + 4*a - 196 = 0, 4*x - a - 395 = -6*a. Suppose 0*t = 4*t - x. Let h(b) = 8*b**2 + 1. What is the remainder when t is divided by h(1)?
7
Let r = 23 + -8. Let p be (-2)/6 - 244/6. Let o = p - -84. What is the remainder when o is divided by r?
13
Suppose 0 = -5*n + 3*n. Suppose 3*m - 4*s - 20 + 0 = 0, 15 = 2*m - 3*s. Suppose n = h - m*h - 27. Calculate the remainder when h is divided by 14.
13
Suppose 0 = -4*w - 0*w. Suppose r - 27 = -w*r. Suppose -3*j - r = -4*j. What is the remainder when j is divided by 14?
13
Let q be (-18)/10 - (-2)/(-10). Calculate the remainder when 26 is divided by (4/q)/2 - -8.
5
Let k(v) = 4*v + 15. Let j(f) = 5*f + 15. Let q(d) = -3*j(d) + 4*k(d). Calculate the remainder when 44 is divided by q(0).
14
Suppose 10*h - 25 = 5*h. Let k(i) = i + 3. Calculate the remainder when 31 is divided by k(h).
7
Let g = 66 + -47. Suppose 6*v - 5*v = g. What is the remainder when 75 is divided by v?
18
Suppose 4 = -v, u - 4*v = 4*u - 737. Let l = -150 + u. Calculate the remainder when l is divided by 26.
23
Let v(s) = -s**2 - 5*s + 6. Let h be v(-6). Suppose -11 = -3*a - 8*a. Calculate the remainder when -2 - (-8)/(h + 2) is divided by a.
0
Let d(y) = y**3 + 4*y**2 + y + 2. Let t be d(-3). Let f(u) = -u**2 + 6*u - 2. Let k be f(5). Let s = k + t. What is the remainder when 30 is divided by s?
8
Suppose 6*l = 4*l. Let i be (1 + l)*(1 - -8). Suppose 3*u - 4*u = -i. Calculate the remainder when 16 is divided by u.
7
Let s(l) = l**3 - l**2 + l + 38. Let b(k) = -k**3 + 2*k**2 - 2*k - 37. Let y(z) = 2*b(z) + 3*s(z). What is the remainder when y(0) is divided by 21?
19
Let u = -2 + 3. Suppose -2*c - 2*c = w - 16, 10 = 4*w - 2*c. Suppose u = w*p - 19. Calculate the remainder when 14 is divided by p.
4
Let w be (-5)/(-10) + (-10)/(-4). Suppose 15 = 3*t - w*h, -2*t = -6*h + h + 2. Calculate the remainder when 52 is divided by t.
7
Let x(z) = -z**2 - 11*z - 7. What is the remainder when 29 is divided by x(-9)?
7
Suppose -5*i = -i - 3*y - 30, -4*i + 5*y = -34. What is the remainder when 23 is divided by i?
5
Let c = 45 + 8. What is the remainder when c is divided by 27?
26
What is the remainder when (-87)/(-2)*4/(-12)*-2 is divided by 11?
7
Suppose 0*s = -4*s + 88. Calculate the remainder when s is divided by 8.
6
Suppose -43 = -4*u - 2*p + 27, -5*p + 61 = 4*u. Calculate the remainder when u is divided by 5.
4
Suppose -4*j - 2 = -2*f, 4*j + 4*f = f + 23. Suppose -h - 2*c + 17 = 0, j*h + 0*c - 25 = -c. Calculate the remainder when 30 is divided by h.
8
Let h(b) be the first derivative of 2*b**3/3 - 3*b**2/2 - b - 2. Let o(a) = -5*a**3 - a - 1. What is the remainder when h(-2) is divided by o(-1)?
3
Let a(c) = 9*c**2 + 4*c - 1. Let k be a(-3). Let d = -29 + k. What is the remainder when d is divided by 14?
11
Let f(i) = 46*i**2 + i - 1. Calculate the remainder when f(1) is divided by (-174)/(-12) + 6/4.
14
Calculate the remainder when 55 is divided by (3 + -3)/5 + 14.
13
Suppose 3*n - n - 8 = 0. Let k = 7 - n. Suppose 0 = -p - a - 4*a + 46, 5*a = -k*p + 128. Calculate the remainder when p is divided by 11.
8
Suppose 0 = -2*n - 0*n + 12. Suppose -2*g + n*g = 5*y + 361, 4*y = -g + 85. Calculate the remainder when g is divided by 30.
29
Suppose 4*c - 40 - 24 = 0. Let y = 3 + 3. Calculate the remainder when c is divided by y.
4
Let h(z)